 1 + 17. Let f be 4/v + 86/18 - -3. Suppose 2*d + b = 62, f*b - 4*b = 8. Calculate the greatest common divisor of 3 and d.
3
Let z(g) = -g**3 + 6*g**2 + 4*g - 9. Let i be z(6). Let o = 28 - i. Let q be 10/35 + (-89)/(-7). Calculate the greatest common factor of o and q.
13
Suppose 72*f - 58*f + 4*k - 1876 = 0, 2*k + 646 = 5*f. Calculate the greatest common divisor of f and 2761.
11
Let j(z) = -19*z**3 - 2*z**2 - 35*z - 120. Let k be j(-3). Calculate the highest common factor of k and 60.
60
Let t be (-848)/(-14) + (-20)/35. What is the greatest common factor of t and 1692?
12
Suppose 5655 = v - 5*c, -23*c - 5649 = -v - 24*c. Calculate the highest common divisor of 452 and v.
226
Let t be 18/(-2)*(-27)/81. Suppose -3*i + i = -z - 85, -3*z = -t. What is the highest common factor of 1 and i?
1
Suppose -8*a = 5*a + 78. Let u(k) = -k**3 - 10*k**2 - 24*k + 2. Let o be u(a). What is the greatest common divisor of 14 and o?
2
Let x = 32945 + -32792. What is the highest common divisor of 408 and x?
51
Let a(u) = 2*u**3 - 27*u**2 + 56*u + 13. Let y be a(11). What is the greatest common divisor of y and 507?
3
Let a(q) be the third derivative of -q**6/120 - q**5/12 + 3*q**4/8 - 5*q**3/2 - 2*q**2 - 20*q. Let z be a(-8). Calculate the highest common factor of 35 and z.
35
Let m(n) = n**2 + 26*n + 25. Let b be m(-25). Let v be -4 - -4*(b - -1) - -6. What is the highest common divisor of v and 30?
6
Let p be -12*(15/20)/3. Let q be (-2)/(-3*p/(-792)). What is the greatest common divisor of 22 and q?
22
Let w be 287 + 2*(9 - 5). Let i = w - 220. What is the greatest common factor of 200 and i?
25
Let f(m) = -228*m + 414. Let y be f(-6). Calculate the greatest common divisor of 209 and y.
11
Let v(x) = -20*x - 24. Let z = -166 + 164. Let o be v(z). What is the highest common factor of o and 184?
8
Suppose 3*w + 4*y = 1421 - 309, -2*w + 753 = y. What is the highest common divisor of w and 430?
10
Suppose 2 = -f + 5*y, -38 = -5*f - 4*y + 5*y. What is the highest common divisor of f and 392?
8
Let r be (-44*12/(-192))/(2/96). What is the greatest common divisor of 352 and r?
44
Let b(l) = -2*l**3 - 8*l**2 + 8*l + 12. Let a be b(-6). Suppose -5*h = -5*m + 7 - 52, 2*h - 4*m = 18. What is the greatest common factor of a and h?
9
Let v(k) = -38*k**2 + 3*k + 2. Let b be v(2). Let a = -117 - b. What is the greatest common divisor of a and 81?
27
Suppose 12*a - 1121 = 355. Let w = a + -98. Calculate the highest common divisor of w and 5.
5
Suppose 5*j + 2*t + 493 = 5*t, -j - 117 = 4*t. Let y = -29 - j. Let m = -6 + y. What is the highest common factor of 44 and m?
22
Suppose -4*i = -4*u + 8*u - 8, 0 = -u + 3*i - 6. Suppose u*z + 4*z - 40 = 0. What is the greatest common divisor of 160 and z?
10
Let q(p) be the first derivative of p**4/4 + 7*p**3 + 11*p**2/2 - 86*p - 145. Let w be q(-20). What is the highest common factor of w and 2?
2
Suppose 75 + 57 = 6*d. Let i = 9 + d. Suppose i = 4*u - 5*c, 0 = 3*u - 0*c - 4*c - 24. What is the highest common factor of 32 and u?
4
Let p(y) = 8*y**2 - 29*y - 8. Let g(v) = -v**2. Let s(c) = 18*g(c) + 2*p(c). Let z be s(-23). What is the highest common factor of z and 40?
20
Let j(a) = a**2 - 19*a + 36. Let k be j(17). Let r be (13*k)/((-11)/(-22)). Calculate the greatest common factor of r and 182.
26
Let m be (-7)/(-1)*(2 + -2 + 1). Suppose 6*r - m*r + 30 = 0. Let d be (r/9)/((-8)/(-84)). Calculate the highest common factor of d and 7.
7
Suppose -3*v + 11388 = 3*p, -v - 8521 + 905 = -2*p. What is the highest common divisor of p and 8?
4
Let w be ((-2)/(-18)*-106)/(65 + (-43950)/675). What is the greatest common factor of 82 and w?
2
Let j be (6*(-2)/30)/((-1)/320). What is the greatest common divisor of j and 160?
32
Suppose 14*w - 13*w = 10*v - 4675, -3*v = -3*w - 1389. Calculate the highest common factor of v and 180.
36
Suppose -4*y - 5*r + r = -252, 5*y - 5*r - 265 = 0. Let b be 1 - 5/((-10)/(-92)). Let f = 74 + b. Calculate the highest common factor of f and y.
29
Let q(o) = 6*o**3 + 2*o**2 - 2*o + 6. Let b be q(3). Let i be (-3)/2*3*-6. Let y = -7 + i. What is the highest common divisor of b and y?
20
Suppose 0 = -2*d - 3*l + 36, -l = 5*d - 11 - 53. Suppose -6*r - 3*q = -126, -r - 78*q + 81*q = -42. What is the highest common factor of r and d?
12
Let h = -9509 + 9893. Calculate the greatest common divisor of h and 28.
4
Let x(i) = -i**3 - 11*i**2 + 104*i + 20. Let f be x(6). Calculate the highest common divisor of f and 8224.
32
Let q(f) = 44*f + 2308. Let l be q(-33). Calculate the greatest common factor of l and 40.
8
Suppose -4*h - 4*k + 48 = 0, -k - 34 = -4*h + 19. Suppose 3*m = -2*j + 517, -75*j + 4*m + 1304 = -70*j. Calculate the highest common factor of h and j.
13
Let l(j) = j**3 - 15*j**2 + 67*j + 79. Let i be l(30). What is the greatest common divisor of 476 and i?
119
Suppose -44 = 4*t + 80. Let s = t - -108. What is the greatest common divisor of s and 7?
7
Let x be 6831594/1643 - (-1 + -1)*-4. What is the highest common factor of 300 and x?
50
Suppose 60*x = 58*x - 476. Let b = x - -268. Suppose 0 = 4*m - 9 - 39. Calculate the greatest common divisor of b and m.
6
Let d = 405 + -227. Suppose -2*v - d = -4*y, 12 = y - 5*v - 55. Suppose 4*i = 4*q - 100, 27*q + i + 109 = 31*q. What is the highest common factor of y and q?
14
Let s(z) = -181 - 153 - 12*z + 352. Let i be s(-7). Calculate the highest common factor of i and 272.
34
Suppose -2*l + 0*l - 15 = -k, -3*k + 41 = -5*l. Let r be (-338)/k + (20/14)/5. Let d be 1 - (3 + r/3). What is the greatest common divisor of 280 and d?
14
Let z(j) = j**3 + 6*j**2 - j - 3. Let q be z(-6). Suppose q*a = 60 + 33. Let t be (3*(-4)/6)/((-16)/496). What is the greatest common factor of t and a?
31
Let l(m) = -30*m - 3340. Let o be l(-127). What is the highest common divisor of o and 480?
10
Let n be 8*1*(-42)/(-8). Suppose -7*x - 2628 = -2873. Suppose x = -13*o + 191. What is the highest common factor of n and o?
6
Let b be ((-2)/26)/((-172)/2236) - -350. Let t(j) = -j**2 - 14*j - 10. Let q be t(-7). Calculate the greatest common divisor of q and b.
39
Suppose -53 - 75 = -4*q. Suppose -2*b + 7*b + 5*d = 95, 2*d + q = 3*b. Let h = b + -9. What is the highest common divisor of 2 and h?
1
Let w(o) = 27*o**2 - 391*o + 37. Let c be w(15). What is the greatest common factor of c and 133?
19
Let y be ((-137)/(-1096))/((-6)/(-720)). Let d(t) = 28*t - 1. Let s be d(2). What is the highest common divisor of y and s?
5
Let x(v) = -6*v**3 - 4*v**2 + v - 2. Let i be x(-2). Suppose -29*k + 32*k - 36 = 0. What is the greatest common factor of i and k?
4
Suppose 5*j + 150 = -3*o + 139, -4*o + 5*j + 32 = 0. Suppose 2*c = 5*k + 4*c - 1556, -o*k = 3*c - 930. What is the greatest common factor of 39 and k?
39
Let j = 143 - 101. Suppose 0 = 2*w + w - j. Let u be (-6)/4 - ((-7)/14 + -8). Calculate the greatest common divisor of w and u.
7
Let d = 2765 + -2635. Calculate the highest common divisor of 1664 and d.
26
Suppose 30952 = 197*k - 64*k - 26238. Calculate the highest common divisor of k and 80.
10
Suppose -w + 3*c + 1874 = 0, 12*c = -4*w + 10*c + 7440. What is the greatest common divisor of w and 42?
14
Let c(s) = 178*s - 2782. Let q be c(60). Calculate the highest common divisor of q and 44.
22
Let j = -6 - -39. Let a be ((-6)/(-4))/((-30)/(-40)) - 4. Let f be 2 + (94 - (-1 + a)). Calculate the greatest common factor of f and j.
33
Suppose -6*d = 26 + 28. Let v be d*1*65/(-15). What is the greatest common divisor of v and 65?
13
Let r = -6917 - -8999. Calculate the greatest common factor of 6 and r.
6
Suppose 5*l = 472 + 348. Suppose 10*p = 6*p - 3*p + 1722. Calculate the greatest common divisor of l and p.
82
Let b be (2 - 0)/6 + 505/303. Suppose b*z = -z + 735. Calculate the greatest common factor of 147 and z.
49
Let m(h) be the third derivative of 67*h**6/120 - h**5/60 + h**4/12 + 36*h**2. Let y be m(1). Calculate the highest common divisor of y and 8.
4
Let z be 4 + ((-9)/(-9))/1. Suppose -7*l = -9*l + 2*t + 352, 2*l - z*t - 367 = 0. What is the highest common divisor of 38 and l?
19
Let u be (-30)/(-2)*-7*12/(-126). Suppose 76 - u = 6*q. Let l be ((-132)/15)/((-1)/5). Calculate the highest common factor of l and q.
11
Let q(v) = 2*v**2 - 49*v - 10. Let f be q(25). Let a be 1 + (-1 - 3